culate b(14).
6
Let i(y) = 378*y + 5527. Give i(-14).
235
Let i(k) = -589*k - 4698. Give i(-8).
14
Let c(a) = -107*a - 864. Determine c(0).
-864
Let f(l) = 45*l - 1994. What is f(44)?
-14
Let f(z) = z**2 + 99*z - 466. What is f(5)?
54
Let c(n) = -144*n + 10771. Calculate c(75).
-29
Let h(z) = -53*z + 166. Give h(3).
7
Let o(f) = 2*f**3 - 25*f**2 - 40*f + 581. Calculate o(12).
-43
Let n(j) = -26*j - 531. Determine n(-20).
-11
Let z(k) = -2*k**2 - 14*k + 900. Calculate z(-25).
0
Let h(c) = c**3 - 17*c**2 - 102*c + 39. What is h(-5)?
-1
Let w(x) = 31*x**3 - 4*x**2 - 3*x + 21. Determine w(2).
247
Let o(m) = 7*m**2 + 20*m - 143. Calculate o(5).
132
Let p(h) = -334*h + 39735. Determine p(119).
-11
Let r(n) = -21*n**2 - 9*n - 6. What is r(-3)?
-168
Let a(y) = -y**2 - 22*y + 1168. Give a(26).
-80
Let u(i) = -68*i - 367. Determine u(-14).
585
Let n(z) = z + 76. Calculate n(20).
96
Let y(k) = -111*k - 5324. What is y(-48)?
4
Let d(x) = -70*x**2 - 3575*x - 251. Determine d(-51).
4
Let x(h) = -h**3 - 9*h**2 + 48*h + 427. Calculate x(-7).
-7
Let h(y) = 27*y - 139. Calculate h(-14).
-517
Let v(b) = 4*b**2 - 207*b - 216. Determine v(-1).
-5
Let p(w) = -w**3 + 574*w**2 - 1148*w - 4. Calculate p(2).
-12
Let a(z) = -14*z - 167. Give a(-14).
29
Let c(q) = -56*q - 208. What is c(-3)?
-40
Let u(r) = 2*r**2 + 53*r - 593. Calculate u(9).
46
Let s(a) = 7*a**2 + 93*a + 59. Calculate s(-12).
-49
Let f(w) = 9*w**2 + 49*w - 40. Calculate f(-8).
144
Let s(h) = h**3 - 6*h**2 - 449*h + 1367. Determine s(3).
-7
Let y(o) = -o**2 - 45*o + 164. Calculate y(-55).
-386
Let r(d) = 181*d + 425. Calculate r(-2).
63
Let i(f) = -f**2 - 53*f - 325. What is i(-38)?
245
Let f(w) = -1218*w**2 + 10*w. Calculate f(-1).
-1228
Let s(w) = 350*w + 354. What is s(-1)?
4
Let q(g) = 2*g**2 - 104*g - 3970. Calculate q(77).
-120
Let y(h) = -h**3 - 14*h**2 - 4*h - 100. Determine y(-14).
-44
Let c(p) = 42*p - 365. What is c(8)?
-29
Let g(v) = v**3 - 41*v**2 - 38*v + 161. Calculate g(42).
329
Let q(l) = 6*l**2 - 6*l - 34. Give q(-7).
302
Let j(o) = -o**2 + 94*o - 1687. Give j(70).
-7
Let g(d) = -413*d + 14878. Determine g(36).
10
Let m(z) = 6*z**3 + 23*z**2 + 26*z + 5. Calculate m(-2).
-3
Let u(p) = 3*p**2 + 24*p - 1302. Calculate u(-25).
-27
Let n(y) = 21*y**2 - 248*y + 8. Calculate n(12).
56
Let q(m) = 16*m**3 + 353*m**2 - 29*m - 1125. Determine q(-22).
-3
Let j(g) = -g**2 + 6*g + 675. What is j(27)?
108
Let i(o) = o**3 + 10*o**2 + 14*o + 430. Determine i(-12).
-26
Let v(m) = -387*m + 3086. Give v(8).
-10
Let f(r) = -r**3 - 79*r**2 - 6*r - 427. What is f(-79)?
47
Let v(d) = -d**2 - 11*d + 391. What is v(15)?
1
Let s(b) = -b**3 - 14*b**2 - 18*b - 16. Calculate s(-12).
-88
Let p(a) = -a**2 + 253*a + 5470. Give p(-20).
10
Let b(w) = 2*w**3 - 14*w**2 + 23*w - 125. What is b(6)?
-59
Let m(u) = u**3 + 27*u**2 - 98*u + 100. Give m(-30).
340
Let k(g) = g**3 + 28*g**2 - 28*g - 8. Calculate k(-29).
-37
Let g(b) = -b**2 - 39*b - 97. Calculate g(-34).
73
Let f(n) = -15*n**2 + 90*n + 19. Calculate f(6).
19
Let s(v) = -10*v**2 + 9*v + 27. What is s(-2)?
-31
Let t(p) = -7*p**3 - 436*p + 864. Calculate t(2).
-64
Let q(o) = o + 65. Calculate q(-15).
50
Let d(s) = -s - 20. Calculate d(1).
-21
Let y(p) = -7*p**2 + 6*p - 1. Determine y(2).
-17
Let s(m) = -6*m**3 - 53*m**2 + 961*m - 7. Determine s(9).
-25
Let q(m) = -3*m**2 + 795*m + 801. Give q(266).
3
Let p(s) = 11*s + 1397. Determine p(-127).
0
Let x(y) = -y + 45. Give x(1).
44
Let j(n) = -16*n**3 - 11*n**2 + 13*n + 76. What is j(-2)?
134
Let l(d) = -3*d**2 + 9*d + 165. Give l(-6).
3
Let s(z) = -23*z - 152. Determine s(10).
-382
Let w(n) = -n**2 + 57*n - 476. Determine w(46).
30
Let t(z) = -z**2 - 33*z - 38. What is t(-10)?
192
Let n(i) = i**2 - 11*i + 6. Determine n(9).
-12
Let d(i) = -i**3 - 94*i**2 + 91*i - 460. Determine d(-95).
-80
Let x(c) = -2*c**3 - 64*c**2 + 65*c - 23. Give x(-33).
10
Let p(q) = -2*q**2 - 473*q + 3895. Give p(8).
-17
Let x(z) = -6*z**2 + 3*z + 72. Determine x(-3).
9
Let m(x) = -x**3 - 28*x**2 - 80*x - 121. What is m(-25)?
4
Let k(w) = 162*w - 489. What is k(3)?
-3
Let n(k) = 56*k + 1652. Determine n(-29).
28
Let q(s) = 7*s**2 - 384*s + 1042. Calculate q(52).
2
Let o(l) = -312*l - 3484. Give o(-11).
-52
Let h(v) = -36*v**2 + 4821*v + 407. Calculate h(134).
5
Let x(q) = -q**3 - 2*q**2 + 4*q + 19. What is x(-4)?
35
Let u(f) = 302*f + 2781. What is u(-9)?
63
Let y(o) = -223*o - 3497. Calculate y(-16).
71
Let u(y) = -y**2 - 923*y - 8217. Give u(-9).
9
Let g(n) = -20*n + 301. Calculate g(17).
-39
Let o(c) = -82*c + 76. What is o(1)?
-6
Let v(g) = g**3 + 16*g**2 - 117*g + 35. Determine v(6).
125
Let g(h) = h**3 - 27*h**2 + 26*h + 26. What is g(26)?
26
Let h(d) = -1339*d + 6688. Calculate h(5).
-7
Let j(a) = 29*a - 383. Calculate j(15).
52
Let a(t) = -72*t + 1941. Calculate a(27).
-3
Let n(l) = -2*l**2 + 58*l - 417. Give n(10).
-37
Let i(t) = -296*t - 896. Calculate i(-3).
-8
Let z(a) = -11*a + 117. Calculate z(20).
-103
Let b(s) = 5*s**3 - 117*s**2 + 39*s + 160. What is b(23)?
-1
Let b(a) = 2*a**3 - 10*a**2 - a + 32. Give b(0).
32
Let i(d) = -d**3 - 4*d**2 + 112*d - 346. Give i(5).
-11
Let g(p) = -8*p**2 - 141*p - 2. Calculate g(-18).
-56
Let z(a) = -3*a**3 + 47*a**2 - 24*a - 90. What is z(15)?
0
Let d(v) = -v**2 - 30*v + 108. What is d(-32)?
44
Let s(k) = -k + 12. Give s(-25).
37
Let w(z) = z**2 - 2*z - 13. What is w(-3)?
2
Let b(p) = -2*p**2 - 49*p + 183. What is b(-30)?
-147
Let l(h) = 3*h**3 - 49*h + 48. Determine l(1).
2
Let i(f) = -4*f - 369. Determine i(-47).
-181
Let c(n) = n**3 + 8*n**2 + 15*n + 195. Give c(-9).
-21
Let s(f) = -708*f + 7801. What is s(11)?
13
Let h(j) = -107*j + 2235. Calculate h(21).
-12
Let o(t) = t**3 + 21*t**2 + 21*t - 8. Calculate o(-20).
-28
Let g(b) = b**3 + 74*b**2 + 194*b + 3601. Determine g(-72).
1
Let r(n) = -292*n + 369. What is r(1)?
77
Let p(n) = -2181*n + 6545. Calculate p(3).
2
Let w(c) = -c**2 - 83*c - 1723. Determine w(-33).
-73
Let i(g) = 59*g + 1238. What is i(-21)?
-1
Let v(a) = -a**3 + 24*a**2 + 220*a - 118. Give v(31).
-25
Let w(u) = u**3 + 16*u**2 + 17*u - 66. Calculate w(-15).
-96
Let q(c) = -51*c - 509. Calculate q(-11).
52
Let i(x) = x**3 + 4*x**2 + 983*x + 3941. Determine i(-4).
9
Let n(q) = 321*q - 2722. Determine n(8).
-154
Let z(p) = 2*p**3 + 196*p**2 - 139*p - 13632. Determine z(-98).
-10
Let l(y) = -13*y + 542. Calculate l(39).
35
Let i(x) = -x**3 + 75*x**2 + 175*x - 1614. Give i(77).
3
Let v(j) = j**2 + 102*j - 1115. What is v(10)?
5
Let b(j) = -32*j**2 - 2912*j + 1. What is b(-91)?
1
Let i(z) = 162*z - 1271. Give i(8).
25
Let t(j) = 5*j**2 + 274*j + 482. Calculate t(-53).
5
Let d(z) = -z**2 - 41*z - 384. Calculate d(-14).
-6
Let d(a) = -21*a**3 + 2*a**2 + 26*a + 24. Calculate d(-2).
148
Let f(o) = 4*o**2 - 514*o - 742. What is f(130)?
38
Let o(s) = -4*s**3 - 102*s**2 + 50*s - 45. Calculate o(-26).
7
Let y(z) = z**2 - 26*z - 254. Give y(-8).
18
Let m(j) = -2*j**2 + 77*j - 74. Determine m(38).
-36
Let o(r) = r**2 - 51*r - 3394. Give o(89).
-12
Let f(j) = 221*j - 1280. What is f(6)?
46
Let z(c) = -c**2 + 7*c - 23. Give z(5).
-13
Let r(u) = -2*u**2 - 8*u - 4. Give r(-4).
-4
Let t(v) = -8*v**2 + 22*v - 37. What is t(-4)?
-253
Let z(d) = d**2 - 2*d - 38. Calculate z(-11).
105
Let s(h) = 68*h**2 + 1633*h + 35. Calculate s(-24).
11
Let b(s) = 36*s**2 + 636*s - 637. Determine b(1).
35
Let b(x) = x**2 + 185*x - 1362. What is b(7)?
-18
Let o(j) = 261*j - 1796. What is o(7)?
31
Let o(x) = -98*x**2 - 1851*x + 206. Give o(-19).
-3
Let f(o) = -3*o**2 + 155*o + 50. Give f(52).
-2
Let a(i) = -5*i - 166. Calculate a(-13).
-101
Let j(m) = -50*m**3 + 12*m**2 - 16*m + 4. Give j(1).
-50
Let q(f) = -10*f**3 - 6*f**2 + 23*f - 33. What is q(2)?
-91
Let t(a) = 15*a**2 + 641*a - 204. What is t(-43)?
-32
Let a(j) = 76*j + 159. Calculate a(-2).
7
Let y(h) = 488*h - 14656. What is y(30)?
-16
Let u(f) = -22*f - 245. Calculate u(-6).
-113
Let h(w) = 3*w**2 - 82*w + 539. What is h(6)?
155
Let r(v) = v**2 - 2613*v + 31202. Give r(12).
-10
Let q(o) = -14*o**2 - 48*o + 8. What is q(-6)?
-208
Let q(a) = -28*a**2 - 53*a + 2. What is q(-2)?
-4
Let l(f) = 2*f**2 - 107*f + 1425. Calculate l(29).
4
Let j(u) = 48*u - 148. What is j(4)?
44
Let u(s) = 120*s - 359. Calculate u(3).
1
Let v(a) = a**2 + 427*a - 3910. What is v(9)?
1